*q**2 + 2*q + 4. Let w(p) = 7*l(p) + 2*o(p). Give w(-8).
-10
Let l be 3*(2/6 - 0). Let q(k) = 2*k**3 - k**2 - 12 + k**3 + 11 + k + k**3. What is q(l)?
3
Let j(x) = x. Let c be j(3). Let o(h) = h + h + 4 - c*h. Determine o(3).
1
Suppose 3*k = 2*k + 2. Let g be 0 + (1 - (5 + -3)). Let x(p) = p + 2. Let d(t) = t. Let u(i) = g*x(i) + k*d(i). Determine u(2).
0
Let j(z) = z + 2. Suppose -3*m = -l + 10, -3*l = -3*m - 10 - 2. Suppose 2*p = l + 3. Suppose p*n = -n - 9. What is j(n)?
-1
Let d(w) = -4 - w**2 - 2 + 3*w + 2*w**2 - 7*w. Let p = -1 - -2. Let v = p - -4. Calculate d(v).
-1
Let j = 2 + -6. Let r be j/((-8)/(-6)) - -6. Let a(q) = 4*q**3 - q + 5 - r*q**2 - 3*q**3 + 4*q**2. Calculate a(0).
5
Let z be -11 + 2 - (-8)/2. Let a(o) = o**3 + 4*o**2 - 6*o - 2. Give a(z).
3
Let g be 4 + -6 + 1 + 1. Let b be (-5)/(0 + (g - -1)). Let k(x) be the first derivative of x**4/4 + 5*x**3/3 + 4*x + 1. Determine k(b).
4
Let u = 9 - 15. Let w = u + 5. Let q(v) = 6*v**3 - v**2 - 2*v - 1. Give q(w).
-6
Suppose 5*o - 25 = -q, q + 10 = 5*q + 2*o. Let s(h) = h**2 + h. Determine s(q).
0
Let f(a) be the third derivative of a**4/24 + a**3/6 - 9*a**2. Calculate f(-2).
-1
Suppose -4*a + 16 = -4. Let i be (3/5)/(1/a). Let u(x) = -x**3 + 2*x**2 + 2*x + 2. Give u(i).
-1
Suppose -36*y + 34*y + 12 = 0. Suppose -2*b = -y*b + 3*f + 3, -4*b + 4*f = -8. Let v(m) = m**2 + m + 1. Calculate v(b).
7
Suppose 40 = 2*n - 0*n. Suppose n - 8 = -2*h. Let o(p) = p**3 + 5*p**2 - 6*p - 2. Give o(h).
-2
Let l(z) be the first derivative of -3*z + z**3 - z**2 - 3 - 1/4*z**4. Calculate l(3).
-9
Let a(j) = -3*j. Let w(i) = -13*i - 1. Let x(d) = 9*a(d) - 2*w(d). Give x(5).
-3
Suppose 24*d = 22*d + 18. Let o(k) = -k**2 + 9*k. Determine o(d).
0
Let l(a) = 5*a**3 - a**2 + 4*a + 15. Let s(q) = -4*q**3 + q**2 - 3*q - 14. Let z(c) = 3*l(c) + 4*s(c). What is z(0)?
-11
Let u(y) = -y**3 - 14*y**2 + y + 17. Let a be u(-14). Let k(o) = a*o - 92 + 92 - 4*o. What is k(1)?
-1
Suppose 3*n + 5*f = 23, -1 = -n - 3*f + 8. Let h(u) = -u**2 + 3*u. Determine h(n).
-18
Let o(g) = -2*g + 3 + 0 + 3*g. Let l be o(-3). Suppose 2*r = w - l*r + 12, 4 = r. Let y(h) = h**3 + 5*h**2 + h - 1. Determine y(w).
11
Let x(j) be the third derivative of j**6/120 + j**5/60 + j**4/24 - j**3/6 + j**2. What is x(0)?
-1
Let t = 10 + -6. Let j(k) = -k**2 + t + 6*k - 3*k - 2*k. Determine j(-3).
-8
Suppose -2 = -4*s + 6. Let l(u) = -6*u**s - u**3 + 10*u**2 + 0 + 2*u - 2 - 4. Suppose 3*i - q - 8 = 0, -4*i + 20 = q - 0*q. Calculate l(i).
2
Let f(a) = -a**2 - 5*a - 3 - 12 + 7 + 2. Give f(-5).
-6
Let q(k) be the first derivative of -k**3/3 + 2*k**2 + 2*k + 3. Let h be q(4). Let y(a) = 2*a**3 - 2*a**2 - 2*a. What is y(h)?
4
Let n(w) = -w + 3. Suppose 0*j - 222 = -3*j. Suppose -14 = 5*s - j. Let c = s - 8. Calculate n(c).
-1
Let a be -2 - -2 - (2 + -4). Let d(y) be the first derivative of -1/2*y**2 - a + 4*y. Give d(0).
4
Let v(s) be the first derivative of -2*s**2 + 4/3*s**3 - 1 + 3*s. Determine v(2).
11
Let z(f) = -4 + 3 - f**3 - 1 + 0 - f + 4*f**2. Let l = -3 - -7. Give z(l).
-6
Suppose 2*m - 4*m = -3*p - 3, -4 = 3*m + 4*p. Let v(b) = 21 - 6*b**2 + b**3 + m*b - 26 + 2*b. Calculate v(6).
7
Let v(f) be the third derivative of -f**5/120 + 7*f**4/24 - f**3/2 + 7*f**2. Let b(u) be the first derivative of v(u). Give b(6).
1
Let a(n) be the second derivative of -1/20*n**5 - 2*n**2 + n - 1/3*n**4 + 0 - 1/3*n**3. What is a(-4)?
4
Let x(y) be the first derivative of 3*y**2/2 + 4*y - 11. Calculate x(3).
13
Let c(x) = 2*x**3 + 2*x**2 - x. Suppose 3*n - f = 12, -3*f - 8 = 1. Let o = 1 - n. Calculate c(o).
-6
Let p be (-3 - -4)*(-2 + 0). Let n be 9/p*36/(-27). Suppose f + n = -0*f. Let l(o) = o + 5. What is l(f)?
-1
Let a(f) = 7*f**3 + 9*f**2 - 10*f + 11. Let m(o) = 3*o**3 + 4*o**2 - 5*o + 5. Let b(q) = 2*a(q) - 5*m(q). Let t be (-4)/(1*(1 - 0)). Calculate b(t).
9
Let g(u) = -u**2 + 5*u + 4. Let q = -23 + 55. Suppose q - 8 = 4*m. Calculate g(m).
-2
Suppose 3*z + 4*v = 15, 26 = 5*z - 3*v + 1. Let b(u) = -z*u**2 - u**2 + 7*u**2. Let m = 2 + -2. Give b(m).
0
Let s(t) = -t**3 - 2*t**2 - 3*t. Let f(c) = -6*c**3 - 9*c**2 - 16*c + 1. Let y(m) = 2*f(m) - 11*s(m). Give y(4).
6
Let a(g) be the third derivative of g**6/120 - g**5/60 - g**4/24 - g**3/6 + g**2. Let i(p) = p**2 - 13*p + 15. Let m be i(11). Let s = m + 7. Calculate a(s).
-1
Let o(p) = 7*p - 11. Let a(u) = 8*u - 12. Let q(m) = 4*a(m) - 5*o(m). Calculate q(5).
-8
Let q(c) be the second derivative of c**7/210 - c**6/180 - c**5/60 - c**4/24 - 2*c**3/3 + c. Let f(g) be the second derivative of q(g). Give f(-1).
-5
Let u(i) = i**2 - 5*i + 8. Let m be u(6). Let x be m/(-10) - 6/10. Let k(o) = 3*o. What is k(x)?
-6
Let k(f) be the second derivative of 1/20*f**5 + 0*f**3 + 0 + 0*f**4 - 1/2*f**2 - f. Determine k(1).
0
Let g(u) be the first derivative of u**5/20 - u**4/12 - u**3/6 - u**2 - 4*u - 4. Let o(v) be the first derivative of g(v). Give o(2).
0
Let r(b) = -3*b**3 + 3*b**2 + b - 2. Let v = 1 - -1. Determine r(v).
-12
Let q(s) be the first derivative of s + 1/20*s**5 + 1 - 1/12*s**4 - s**2 + 0*s**3. Let t(u) be the first derivative of q(u). What is t(2)?
2
Suppose 2*j - 5*o + 26 = 0, -3*o = -j - 6*o + 9. Let h be (10/j - -3)*-9. Let p(v) = v**3 - 2*v**2 - 3*v - 2. Give p(h).
-2
Let c = 32 - 30. Let b(t) be the second derivative of -t**c + 2*t + 0 + 1/12*t**4 + 2/3*t**3. Determine b(-4).
-2
Let x(z) be the third derivative of z**6/120 - z**5/20 - z**3/3 + 5*z**2. Determine x(4).
14
Let j(w) = -3*w - w**2 + 3*w + 0*w. Give j(3).
-9
Let s(o) be the second derivative of -o**3 + o**2/2 - 10*o. What is s(1)?
-5
Let b(h) = -h**3 + 4*h**2 - 2*h + 6. Let m be b(4). Let r(x) = 0*x**2 + 2*x - 5*x**3 + 6*x**3 + 3 + 3*x**2. What is r(m)?
3
Suppose 5*x - 10*x = 0. Let k(b) = 1 + x*b + 2*b - 2. What is k(1)?
1
Let z(r) be the first derivative of -r**4/4 - r**3/3 + 2. Let p be z(-2). Let m(n) = 4*n + p*n - 4*n - 1. Give m(1).
3
Let z(h) = -5*h**3 - h**2 + 5*h. Let p(a) be the second derivative of -a**5/5 - a**4/6 + 2*a**3/3 - a**2/2 + 2*a. Let r(b) = 4*p(b) - 3*z(b). Give r(-5).
-9
Let i(d) = d**2 + 9*d + 10. Suppose 3*l + 28 = 4. Give i(l).
2
Let v be (0/(8/(-4)))/(-1). Let y(q) = q**2 + 12. Determine y(v).
12
Let d(i) = 2*i**2 + i - 1. Let l be d(1). Let y(f) = 4*f - 3. Suppose -4*x = -9*x + 10. Let k(j) = 16*j - 12. Let a(w) = x*k(w) - 9*y(w). Calculate a(l).
-5
Suppose 0 = -4*g - 5*j - 14 - 27, -2*g - 18 = 2*j. Let w = g + 6. Let c(h) = -w*h - 1 + 2 + 6*h. Give c(-2).
-7
Let g(m) be the second derivative of -m**5/20 + 5*m**4/12 + m**3/6 + 2*m**2 - 2*m. Calculate g(5).
9
Let g(l) = l**2 + 3*l - 1. Suppose -4*z + 24 = -2*i, -2*z + 4 = -i - 4*z. Suppose -4*q + 24 = -0*q. Let p = i + q. Determine g(p).
-3
Let c(p) = -p - 5. Let l be c(-4). Let m(d) = 9*d**2 + 2*d + 1. What is m(l)?
8
Let k(n) = -n**2 + 5*n - 1. Suppose -3*q - 20 = -5*a - 0*q, 3*q = 0. Suppose -4*w = 5*p + 6, -a*p = -4*w - 19 - 5. Calculate k(p).
5
Suppose 0*v - 4*v + 17 = 5*f, 4*v - 7 = 5*f. Suppose -v*z + 4*z = 0. Let h(d) = 3*d + z - 3*d**2 - 2*d + 2 - d**3. Determine h(-2).
-4
Let f(j) be the second derivative of 0 - 1/3*j**3 - 3/2*j**2 + 2*j. Calculate f(-4).
5
Let p be (21/(-6))/(2/(-4)). Let a(j) = 9*j**2 + 7*j + 1. Let k(r) = 9*r**2 + 8*r + 1. Let b(m) = p*a(m) - 6*k(m). Calculate b(-1).
9
Let k(o) = o**3 - 9*o**2 + 7*o + 8. Suppose 4 = j + g, 0*g = 2*j + g - 12. What is k(j)?
0
Let w(c) = -c**3 - 5*c**2 - 3*c + 5. Let i be ((-4)/(-3))/((-26)/6 - -4). What is w(i)?
1
Let x(n) = 14*n**2 - 3. Let h(v) = -13*v**2 + 4. Let k(d) = -4*h(d) - 5*x(d). Give k(1).
-19
Let c(w) = -w - 4. Let f be c(-7). Let q(o) = -f*o - 1 + 2 + 4*o. Give q(5).
6
Let g(a) = 6*a**3 + 5*a**2 - 6*a - 12. Let j(c) = c**3 - c - 1. Let p(n) = -g(n) + 5*j(n). Calculate p(-5).
2
Let o(u) be the third derivative of u**4/12 + 2*u**2. Suppose 4*b = 1 + 3. Determine o(b).
2
Let v(a) = a**2 - 5*a + 4. Let c be v(3). Let b(m) = -3*m**3 + m**2 + 13*m + 9. Let n(s) = 5*s**3 - s**2 - 20*s - 14. Let j(l) = 8*b(l) + 5*n(l). What is j(c)?
-2
Let j(b) = 4*b + b**2 - 904 + 449 + 449. Let i be 25/(-4) + 1/4. Give j(i).
6
Let m(w) = w. Let v(p) be the third derivative of p**6/120 + p**3/3 + 2*p**2. Let y be v(0). Suppose 23 = 4*a + h, a - 3*h = y*h - 10. Give m(a).
5
Let x(l) = 6*l**2 - 7*l - 2. Suppose 3*h